h be (13/(-2))/(1/2). Let g = a - h. Calculate the greatest common divisor of g and 45.
5
Suppose 60*t - 75*t + 1260 = 0. Calculate the greatest common factor of t and 140.
28
Suppose -2*c + 37 = -u, -4*c + 5*u + 71 = -0*c. Suppose 5*b - 46 = -4*m - c, -5*b = -4*m - 43. Calculate the highest common divisor of b and 28.
7
Let s be (-36)/2*-2*(-22)/(-12). What is the greatest common factor of 6 and s?
6
Let g = 137 + -20. Suppose 3*o - 8 - 5 = -n, 52 = 4*n - 3*o. Calculate the highest common divisor of n and g.
13
Let n be (-6)/15*(-1 - 4). Let b be 2 - (-1 + n)*-1. Suppose 0 = -4*q + 12, -b*c = -q - 3*q - 18. Calculate the greatest common divisor of 15 and c.
5
Suppose -3*l - 5*v + 6348 + 2050 = 0, 3*l - 3*v = 8430. Calculate the greatest common divisor of l and 122.
122
Let u(a) = a**3 + 7*a**2 + 3*a + 6. Let w be u(-6). Let i = w - 25. Let g be (-5 + 6)*(137 + i). What is the highest common divisor of g and 17?
17
Suppose 36 = b - 24. What is the highest common divisor of 36 and b?
12
Let n(d) = -d**3 + 41*d**2 + 90*d - 127. Let o be n(43). What is the highest common divisor of 375 and o?
15
Let t be 9/18*-1*-192. What is the highest common divisor of 18 and t?
6
Let q be (63/(-6) + 9)*(-8)/6. What is the greatest common factor of 32 and q?
2
Let t = -41 - -69. Suppose 6 = -d + 2*o, 2*o - 7 = 5*d - 1. Let x be 4 - (-3)/6*d. What is the greatest common divisor of x and t?
4
Let d(i) = i**3 - 11*i**2 - 11*i - 20. Let x be d(12). Let z be (140/(-2))/(x/(-3))*-4. Calculate the greatest common factor of z and 21.
21
Suppose -3360 = -3*n - 3*n. Calculate the greatest common divisor of 144 and n.
16
Suppose 0 = 20*b + 49*b - 58512. Calculate the greatest common divisor of b and 106.
106
Let i(z) = -105*z - 147. Let g be i(-3). Calculate the greatest common divisor of g and 112.
56
Let m = -3027 + 3040. Calculate the greatest common divisor of 3497 and m.
13
Let u(z) = 5*z**2 + 8*z. Let y be u(5). Suppose -3*p + 32 = -13. Calculate the highest common divisor of p and y.
15
Suppose -8*y + 10*y + 8 = 0. Let u be y/(-2) - (-1 - 3). What is the highest common factor of 3 and u?
3
Let f = 638 - 643. Let n(z) = -20*z - 16. Let h(v) = 39*v + 31. Let w(c) = -3*h(c) - 5*n(c). Let b be w(f). Calculate the greatest common divisor of b and 8.
8
Let j = 350 + -236. What is the highest common divisor of 190 and j?
38
Let w(f) = -f + 16. Let a be w(10). Let i be (-3 + 1)/(a/(-75)). Let n = 43 + -18. What is the highest common divisor of i and n?
25
Let r(y) = -10*y + 5. Let f be r(-3). What is the greatest common divisor of 315 and f?
35
Suppose 4*l - 9 - 3 = 0, 0 = u - 4*l + 111. Let b = -60 - u. What is the highest common factor of b and 26?
13
Let m = 5 + -3. Suppose m*x = -3*x + 10. Let b be ((-75)/(-6))/(x/8). Calculate the greatest common factor of 10 and b.
10
Let q be (-2 + -2 + 3)*(-114)/2. Let j = 159 + q. Suppose -2*p - p + 5*l + 61 = 0, -l + 4 = 0. What is the greatest common divisor of j and p?
27
Let f = -20 - -19. Let m = f + 5. Suppose 5 = -m*j + 9. Calculate the greatest common divisor of 4 and j.
1
Let q be (1 - (0 + 3)) + 286. Suppose 2*n + 68 = q. Let l(y) = 13*y**3 - y**2 + y - 1. Let u be l(1). What is the highest common divisor of u and n?
12
Let s be 190/25 + (-22)/(-55) + 504. What is the greatest common divisor of s and 128?
128
Let a be 4 + 141 - 32/8. What is the greatest common divisor of 188 and a?
47
Suppose m - 2*m + 7 = 3*d, -3*m + 3*d + 57 = 0. Calculate the greatest common divisor of 256 and m.
16
Let x be (-82)/(-10)*-2*-5. Calculate the greatest common factor of x and 1066.
82
Let u(m) be the third derivative of 11*m**5/10 - m**4/24 - 2*m**2. Let j be u(1). Suppose -5*f = -10*f + j. Calculate the highest common divisor of 26 and f.
13
Let z(l) be the second derivative of l**3/3 + l**2 + 3*l. Let y be z(-5). Let v = y + 17. What is the greatest common factor of v and 9?
9
Suppose a = 4*o + 2*a + 89, 5*o + 4*a + 125 = 0. Let m = -18 - o. Suppose 21 = 3*v - m*c, c + 7 + 16 = 5*v. Calculate the highest common factor of 10 and v.
2
Let q = -328 + 433. Calculate the highest common factor of q and 21.
21
Let d(t) = -4*t - 18. Let f be d(-5). Suppose -4*a - 4*c - 15 = 77, -3*a = c + 59. Let z = 38 + a. Calculate the greatest common divisor of z and f.
2
Suppose -4*b = -5*y - 11, 5*b - 9 = 2*b + 3*y. Let o = 163 - 173. Let t be (o/b)/((-1)/14). Calculate the highest common divisor of t and 14.
7
Suppose 7*r - 99 = 4*r. Let q = 99 - r. Calculate the greatest common divisor of 22 and q.
22
Let w = -13 + 27. Suppose -x + w = 2. Suppose -4*q - 2*s = -122, 2*q - 6*q + 123 = 3*s. What is the greatest common divisor of x and q?
6
Let z(s) = -17*s**3 + 5*s**2 + 8*s + 3. Let x be z(-2). What is the highest common factor of 195 and x?
13
Suppose -2*h - 6 = 0, h = -2*j + 5*h + 24. Let a(f) = -f**3 + 4*f**2 + 2*f - 3. Let r be a(5). Let d = r + 27. Calculate the greatest common divisor of j and d.
3
Suppose 11*b + 2880 = 16*b. Suppose -d + 13*d = b. What is the highest common factor of d and 72?
24
Let l = -44 + 107. Calculate the highest common divisor of l and 27.
9
Suppose 2 = 3*a - 10. Suppose 5*u + 6 = o, 4*u = a - 0. What is the highest common factor of o and 88?
11
Suppose 2*t - 4*l + 0*l = 24, 0 = 5*l - 25. What is the highest common factor of t and 374?
22
Let x be (-10)/45 - 20/(-9). Let t be (9/6)/(1/x). Let m be (-26)/t*(-33)/2. What is the highest common factor of m and 13?
13
Suppose u - 43 = -4*j - 13, 2*u = -5*j + 36. What is the greatest common factor of 14 and j?
2
Let k = 29 - 13. Let z = -11 + -66. Let n = z - -189. Calculate the greatest common divisor of k and n.
16
Let l(k) = 8*k + 16. Let r be l(0). Let h be 0 + (143 + 0 - -1). What is the highest common divisor of r and h?
16
Suppose -31*z = 2*u - 28*z - 360, -170 = -u + z. Calculate the highest common divisor of 72 and u.
6
Let w = -25 - -34. Let s be (-6)/w*(19 + -4). Let f be 285/25 + 4/s. Calculate the greatest common divisor of f and 88.
11
Let c(j) = -17*j**2 + 5*j - 3. Let u be c(3). Let k = -211 + 130. Let v = k - u. What is the highest common divisor of v and 40?
20
Let t be (65 + -36)/(2 - 1). What is the greatest common factor of t and 87?
29
Let g = -354 + 364. Calculate the greatest common factor of g and 20.
10
Let k(c) = 9*c**2 + 4. Let v be k(-2). Suppose -5*t = -8*p + 3*p + v, 3*t = -p + 8. What is the greatest common divisor of p and 6?
2
Let f be 177/(-5) + 20/50. Let h = f - -38. What is the greatest common divisor of h and 2?
1
Suppose 3*m - 15 = 0, o - 2*o + 2*m + 51 = 0. Let x = o + -31. What is the greatest common factor of 5 and x?
5
Let s(x) = -x**2 + 18*x + 26. Let m be s(19). Suppose 0 = -m*t + 10*t - 90. What is the greatest common divisor of t and 45?
15
Let h = -1 - -20. Suppose 13 = -4*b - h. Let k(o) = o**3 + 9*o**2 - 7*o. Let g be k(b). Calculate the greatest common factor of g and 48.
24
Let c(o) be the first derivative of -7*o**2/2 - o + 3. Let j be c(-3). What is the greatest common factor of 30 and j?
10
Let g(z) = 551*z**3 - 3*z + 2. Let u be g(1). Calculate the highest common divisor of 22 and u.
22
Let c = 11 + 93. Suppose 4*p + c = -0*p. Let a = 27 + p. What is the greatest common divisor of a and 7?
1
Suppose 5*b = -5*p + 25, 12 = 5*b + 2. Let r be 4*p - (2 + -4). Suppose 0 = -o - 0*o + r. Calculate the highest common divisor of 14 and o.
14
Let u be ((-3)/2)/((-9)/(-96)). Let r be (-36 - u/4)*-1. What is the highest common factor of r and 16?
16
Suppose 34 - 22 = 3*q. Suppose -q*x + 4*b = -52, 3*x - 2*b - 37 = 2*b. Suppose -4*u + 64 + 116 = 0. Calculate the greatest common factor of x and u.
15
Let b = -197 - -418. Calculate the greatest common factor of b and 34.
17
Let f be 8805/(-135) - ((-4)/9)/2. Let s = 67 + f. What is the greatest common divisor of s and 2?
2
Suppose -5*g + 9*g - 24 = 0. Let q be g/5*(0 + (-40)/(-3)). Calculate the highest common factor of 24 and q.
8
Let c(f) = 10*f**2 + 3*f + 2. Let k(q) = -2*q - 12. Let o be k(-5). Let z be c(o). What is the greatest common divisor of z and 12?
12
Let m(j) = -15*j**3 + 2*j**2 - 2*j - 12. Let r be m(-2). Calculate the greatest common divisor of r and 15.
15
Suppose 0 = -2*f + 673 - 209. Calculate the greatest common divisor of f and 8.
8
Let f(t) = -t + 7. Let m be f(